 remainder when 50 is divided by z(k)?
10
Let z be 1/(-6) + (-4332)/(-72) - 5. Suppose 3*m - z + 46 = 0. What is the remainder when 8 is divided by m?
2
Suppose 3*y + 6537 = 7101. Calculate the remainder when 350 is divided by y.
162
Let v be 6 + -4 + 1 + -7. Let z be (6/v)/((24/1232)/(-3)). Suppose -2*h = 5*h - z. What is the remainder when 57 is divided by h?
24
Let q be (-354)/3 - 28/7. Let w = -114 - q. What is the remainder when 25 is divided by w?
1
Suppose -14 = 30*w - 32*w. Suppose w*d = 104 + 183. What is the remainder when 244 is divided by d?
39
Let g be (-1 - -2)/(1 - (-258)/(-255)). Let a = -83 - g. Calculate the remainder when 8 is divided by a.
0
Let r = 316 + -310. Suppose 0 = -m + r*m + 2*n - 1403, -5*n - 1096 = -4*m. What is the remainder when m is divided by 56?
55
Let c(m) = 2*m**2 - 28*m + 3. Let y be c(14). Let w(k) = k**2 + 8*k + 5. Let n be w(y). Suppose 3*u - n = 1. Calculate the remainder when 64 is divided by u.
12
Let a(w) = -39*w - 482. What is the remainder when 1227 is divided by a(-16)?
91
Suppose -3*y - 2*j = -25, -119 = 14*y - 5*j - 336. Let g = 9 + 51. What is the remainder when g is divided by y?
8
Suppose 5*x - 13 = -y, 2*y - 4*x - 18 - 22 = 0. Suppose -a - l = -8, -2*a = 4*l - 8 - y. What is the remainder when 19 is divided by a?
1
Let t = 19331 + -16209. What is the remainder when t is divided by 4?
2
Let x(l) = 63*l + 376. Calculate the remainder when 211 is divided by x(-5).
28
Let f = 447 + -303. Suppose -151*l = -f*l - 56. What is the remainder when 13 is divided by l?
5
Suppose -25 - 119 = -4*f. Suppose -9*p + 306 = -893 - 1060. What is the remainder when p is divided by f?
35
Suppose 0 = 66*q - 63*q - 21. Suppose 0*y - 182 = -q*y. Suppose -5*z + 5*p = -25, 3*z - 33 = -4*p - 4. What is the remainder when y is divided by z?
5
Suppose 4*g - 3*a - 8833 = 0, 412*g - 407*g - 11024 = -2*a. Calculate the remainder when g is divided by 24.
22
Suppose -2*w = -3*n + 119, -20 = -4*n + 3*w + 140. What is the remainder when 967 is divided by n?
5
Suppose -2*i + 2*c = -6, 3*c = -0*i - 4*i - 2. Let r(z) = z**2 + 18*z + 17. What is the remainder when r(-18) is divided by 0 + (1 - (-2 - i))?
1
Let q(o) = 51*o + 198. What is the remainder when 315 is divided by q(2)?
15
Let o = -806 - -1357. What is the remainder when o is divided by 12?
11
Suppose 3*c - 150 = -4*g, -c + 154 = 4*g - 0*c. Let m be (4018/21)/7 + (-3)/9. Suppose 21*f - m*f + 690 = 0. Calculate the remainder when f is divided by g.
37
Calculate the remainder when 274 is divided by 104 + -11 + -1 + 6.
78
Let d(z) = 678*z**2 - 105*z - 621. Calculate the remainder when d(-6) is divided by 37.
34
Let p = -1699 + 1703. Let k(s) = -s + 20. What is the remainder when k(6) is divided by p?
2
Calculate the remainder when 1423 is divided by (((-17)/(-3))/1)/(197/591).
12
Suppose -5*p - 490 = -f, 7*f - 6*f + p = 496. What is the remainder when f is divided by ((-4950)/(-308) - 4/7)*4?
61
Let b = 187234 - 186898. What is the remainder when b is divided by 2*-34*(-2)/2?
64
Let n(x) = -1217*x - 42. What is the remainder when n(-7) is divided by 160?
157
Suppose -4*g + 2*d + 2013 + 3567 = 0, -4*d - 2796 = -2*g. Calculate the remainder when g is divided by 461.
11
Let u(m) = 284*m**2 + 117*m - 246. Calculate the remainder when u(2) is divided by 10.
4
Let b(y) = -86*y + 2610. What is the remainder when 1029 is divided by b(30)?
9
Suppose 13 = -2*d - 3*q + 60, -d = -3*q - 10. Suppose -5*h = a - h - d, h + 29 = a. What is the remainder when 2*(-2)/(-4)*134 is divided by a?
26
Suppose 67*t + 5247 = 120*t. Let a = 46 + -11. What is the remainder when t is divided by a?
29
Let t = -2379 - -2414. Let u = 120 + 51. Calculate the remainder when u is divided by t.
31
Let y = -7874 + 7897. Calculate the remainder when y is divided by 1.
0
Suppose 0 = -4*m - 3*w + 5 - 0, -3*w = 15. Let q(j) = -j**3 + 4*j**2 + 8*j - 4. Calculate the remainder when q(m) is divided by (6/(-10))/((-4)/40).
5
Let y(k) = 52 + 34*k + 7*k - 56*k + 2*k**2. Calculate the remainder when y(15) is divided by 71.
64
What is the remainder when ((-282)/8)/((-161)/10948) is divided by 1193?
11
Calculate the remainder when 8 - (12 - (-6 - -11) - 63) is divided by 10.
4
Suppose -22*a - 21*a - 22*a = 0. Suppose -3*v + 59 = -f - a*f, 0 = -f + 1. Calculate the remainder when 67 is divided by v.
7
Calculate the remainder when (-2626)/221 - -12 - (29472/(-51) - 3) is divided by 49.
42
Let q = 7660 + -7653. What is the remainder when 683 is divided by q?
4
Suppose 0 = -5*s + 42 + 33. Calculate the remainder when (10/(-45) - (-1308)/540)*(-7)/((-21)/90) is divided by s.
6
Suppose 8*j - 6*j = 20. Calculate the remainder when (43 - (-6)/(-3)) + (-17 - (12 + -23)) is divided by j.
5
Let c(j) = 4*j - 8. Calculate the remainder when (-1600)/(-7 + -9) + 3*(-1 + 0) is divided by c(7).
17
Suppose 5*i - 5*b - 355 = 0, -i + 0*b + 59 = -5*b. Let g = -1 + 1. Suppose g = 4*r + 2*k - 162, -2*k = -3*k + 5. Calculate the remainder when i is divided by r.
36
Suppose 1207*u - 2013*u + 12896 = 0. Suppose -3*a + 3*v = 2*v - 170, -5*a = -2*v - 282. What is the remainder when a is divided by u?
10
Suppose -5*w + a = -480, a - 6*a = -3*w + 288. Let g = -1113 + 1123. Calculate the remainder when w is divided by g.
6
Let r = -17 - -19. Suppose -r*w - 654 = -4*v, -4*v + 5*w = 2*w - 655. What is the remainder when v is divided by 41?
40
Suppose 0 = 8*s + 70 - 6. Calculate the remainder when 46/(7/((-84)/s)) is divided by 29.
11
Let q = -160 + 175. Let w = 21 - 19. Suppose 2*o + l = 56, 3*l - 10 = -w*l. Calculate the remainder when o is divided by q.
12
Suppose -120*l + p + 121 = -116*l, -3*l + p = -92. Calculate the remainder when 1478 is divided by l.
28
Let a be 2/9 - 742*1/18. Let m = a + 45. Suppose -3*w - x + 150 = 2*x, m*w - x - 205 = 0. What is the remainder when w is divided by 13?
12
Suppose -2*g = 2*g + 348. Let a = -73 - g. What is the remainder when (-2 + 45/20)/(2/664) is divided by a?
13
Let i(y) be the third derivative of -y**6/120 - 8*y**5/15 - 35*y**4/24 - 17*y**3/3 - 15*y**2 - 2*y. What is the remainder when i(-31) is divided by 34?
22
Let m(q) = -q**2 - 5*q - 9. Let i be m(-4). Let a = i - -7. Suppose 0 = 5*b + a*n - 58, -6*b + 4*n + 64 = -b. What is the remainder when 45 is divided by b?
9
Let g = 34165 + -33657. Calculate the remainder when g is divided by 211.
86
Let u(d) = -2*d + 12. Let l = 1570 + -1530. Calculate the remainder when l is divided by u(4).
0
Let c(r) = 1239*r - 1838. What is the remainder when 9354 is divided by c(4)?
0
Suppose -4*p + 130 = 66. Suppose -480*g = -476*g - p. What is the remainder when 10 is divided by g?
2
Let b = 4691 + -3824. What is the remainder when b is divided by 426?
15
Let t = 3036 + -2889. Calculate the remainder when t is divided by 38.
33
Suppose 13 = -4*w + 45. Suppose -w*v + 4*v + 176 = 0. Calculate the remainder when v is divided by 24.
20
Suppose -6*i + 223 = 37. Let k = -29 + 30. What is the remainder when k*(-366)/(-3) + (-1 - -2) is divided by i?
30
Let w = -129 + 133. Suppose 4*f - 5*o = 243, 4*o + 6 = w*f - 234. Calculate the remainder when f is divided by 10.
7
Let k be 59*(-4 + -5 + 8). Suppose 0 = 5*z - 8*z - 102. Let t = z - k. Calculate the remainder when 123 is divided by t.
23
Let j = -106 + 116. Suppose 1873 = j*g + 613. Calculate the remainder when g is divided by 49.
28
Let a(y) = 3*y**2 + 339*y - 7153. Calculate the remainder when 2487 is divided by a(20).
6
Let z(t) be the third derivative of -t**6/120 + t**5/12 + 19*t**4/24 - 5*t**3/2 - 8*t**2 + 6*t. Calculate the remainder when z(7) is divided by 7.
6
Let r(l) = 532*l**2 - 61*l - 2. What is the remainder when r(1) is divided by 48?
37
What is the remainder when 391 is divided by 2 + 2/1*135/54?
6
Suppose 4*x - 5*s - 48 = 0, -x + 16*s = 19*s - 29. What is the remainder when (-678)/(-7) + (-22)/(-154) is divided by x?
12
Let h(u) = 2*u**3 - 33*u**2 - 12*u - 11. Let g be h(17). Suppose 2*p + 2*l = g, -3*p + l + 73 = -30. What is the remainder when 173 is divided by p?
33
Let d(y) = 5*y + 30. Suppose -5*i + 26 = -2*n, -16 = 4*n - 4. Calculate the remainder when d(13) is divided by i.
3
Suppose 29*j - 31983 = 26104. Calculate the remainder when j is divided by 41.
35
Let h be (-4)/6 - (-6608)/21. Let n = h - 258.